 11472*c + 252364. What is r(-22)?
-20
Let w(d) = -425*d - 157526. Give w(-371).
149
Let q(y) = 28455*y - 56094. Determine q(2).
816
Let u(k) = 175976*k + 1231739. Determine u(-7).
-93
Let n(z) = -6*z**3 + 376*z**2 + 122*z + 180. Give n(63).
-72
Let o(j) = -j**3 - 53*j**2 + 1443*j + 8415. Calculate o(-5).
0
Let y(h) = -h**3 - 59*h**2 + 10*h + 759. Calculate y(-59).
169
Let t(k) = 1536*k - 13940. Give t(9).
-116
Let h(j) = -3*j**2 + 46*j - 1390. Calculate h(24).
-2014
Let f(b) = 6686*b + 20054. Determine f(-3).
-4
Let w(a) = 3*a**3 + 146*a**2 - 1419*a + 309. What is w(-57)?
-33
Let t(u) = -u**3 - 21*u**2 - 1386*u - 30970. Give t(-22).
6
Let z(q) = -21498*q**2 - 86170*q - 715. Determine z(-4).
-3
Let l(k) = -256*k - 50674. Determine l(-198).
14
Let w(a) = -6*a**3 + 13*a**2 - 80*a + 127. Calculate w(3).
-158
Let o(a) = -a**3 - 689*a**2 - 17220*a + 12230. Determine o(-663).
296
Let b(n) = -3*n**2 - 6432*n + 915756. Give b(-2278).
0
Let x(l) = -2300*l + 27600. What is x(12)?
0
Let u(t) = -298*t - 738. What is u(3)?
-1632
Let y(m) = 3672*m - 4039. What is y(1)?
-367
Let a(r) = 2*r**3 + 38*r**2 + 20*r - 64. Give a(-11).
1652
Let a(g) = -170*g**3 + 1058*g**2 + 16*g + 7. Give a(6).
1471
Let y(v) = 3446*v + 34236. Calculate y(-10).
-224
Let i(h) = 35*h**2 - 148*h + 310. Give i(2).
154
Let v(d) = d**3 + 86*d**2 - 7950*d - 60. Determine v(56).
52
Let b(w) = 15260*w - 503729. Calculate b(33).
-149
Let f(x) = -x**3 + 8*x**2 + 76*x - 451. What is f(5)?
4
Let i(k) = -8586*k - 18288. Calculate i(-2).
-1116
Let v(l) = -l**3 + 112*l**2 - 1040*l + 130288. Calculate v(113).
-1
Let q(j) = 996*j - 649390. Determine q(652).
2
Let f(b) = -22*b**2 - 3160*b + 1062. What is f(-144)?
-90
Let p(h) = -10676*h + 192281. Calculate p(18).
113
Let i(g) = -g**3 - 42*g**2 - 378*g + 2062. Give i(-22).
698
Let w(l) = -2*l**3 - 13*l**2 + 13*l + 83. Calculate w(-5).
-57
Let g(m) = 40*m**3 - 111368*m**2 + 22274*m - 5560. Determine g(2784).
8
Let b(g) = 13*g**3 + 160*g**2 - 28*g - 219. Give b(-13).
-1376
Let f(a) = -3*a**2 - 129*a + 902. Determine f(-49).
20
Let n(r) = 123*r - 5298. Calculate n(49).
729
Let m(p) = -p**3 - 25*p**2 + 71*p + 509. Determine m(-26).
-661
Let n(w) = 28*w**2 + 819*w - 662. What is n(-30)?
-32
Let p(u) = 22*u**3 + 64*u**2 + 7*u - 2. What is p(3)?
1189
Let a(n) = n**3 + 251*n**2 + 14272*n + 372. Give a(-87).
24
Let a(u) = -146*u + 7189. Calculate a(43).
911
Let s(g) = -2*g**3 + 614*g**2 - 472*g - 42822. Calculate s(306).
18
Let w(k) = 884*k - 109586. Determine w(124).
30
Let z(g) = 36*g**2 + 1025*g - 28. What is z(-28)?
-504
Let z(x) = x**3 + 175*x**2 + 193*x + 3295. Give z(-174).
-11
Let x(c) = -7365*c + 648071. Give x(88).
-49
Let d(z) = 1458*z - 38367. Calculate d(29).
3915
Let u(o) = -342*o + 19385. Determine u(57).
-109
Let f(x) = 6232*x + 68575. Determine f(-11).
23
Let o(j) = -j**3 + 3*j**2 + 203*j - 1358. What is o(9)?
-17
Let n(u) = -4*u**3 + 62*u**2 + 35*u + 306. What is n(17)?
-833
Let d(s) = 5*s**3 - 691*s**2 + 17439*s - 948. What is d(105)?
-3
Let v(u) = -57346*u - 57338. Determine v(-1).
8
Let h(q) = -9*q**2 + 523*q - 2487. What is h(53)?
-49
Let k(v) = 27*v**3 + 6*v**2 + 505*v - 541. What is k(1)?
-3
Let c(v) = -6*v**2 - 1515*v + 715. What is c(-253)?
-44
Let b(h) = 15811*h + 31512. Determine b(-2).
-110
Let l(o) = 2*o**2 - 84*o - 1648. Determine l(59).
358
Let z(q) = -q**2 + 830*q + 16826. Calculate z(-20).
-174
Let o(l) = 10420*l - 343787. What is o(33)?
73
Let i(b) = 1706*b + 18665. Calculate i(-11).
-101
Let m(k) = k**3 + 11*k**2 + 245*k + 41. Determine m(-12).
-3043
Let m(g) = -g**2 - 3916*g + 158266. Calculate m(40).
26
Let b(i) = -i**3 + 1333*i**2 - 19776*i + 73. Give b(15).
-17
Let m(i) = 3*i**2 - 643*i + 23176. What is m(49)?
-1128
Let o(u) = -u**3 + 2*u**2 + 478*u - 2341. Give o(5).
-26
Let n(q) = 66*q + 162. What is n(4)?
426
Let n(m) = -3*m**3 - 362*m**2 - 232*m + 282. What is n(-120)?
-678
Let o(b) = -8931*b + 35595. What is o(4)?
-129
Let l(d) = -2*d**3 + 17*d**2 + 82*d + 74. Give l(-2).
-6
Let r(x) = -4*x**2 - 360*x - 2233. What is r(-6)?
-217
Let j(z) = -z**3 - 28*z**2 - 102*z + 58. Calculate j(-25).
733
Let o(v) = -v**3 + 112*v**2 - 273*v - 2404. What is o(109)?
3482
Let c(r) = -r**3 - 31*r**2 - 21*r - 84. What is c(-30)?
-354
Let p(o) = 97*o - 3469. Give p(45).
896
Let n(i) = 423*i - 6359. What is n(15)?
-14
Let p(j) = -43654*j + 174660. Determine p(4).
44
Let i(w) = -w**2 - 95*w - 137. What is i(-115)?
-2437
Let r(l) = 18503*l + 147950. Determine r(-8).
-74
Let y(u) = 10*u**3 + 8*u**2 - 43*u + 130. Give y(4).
726
Let x(u) = 55*u**2 - 863*u - 295. Give x(16).
-23
Let h(k) = 100112*k - 5606287. Give h(56).
-15
Let p(y) = -569*y - 6222. What is p(-11)?
37
Let o(w) = -48*w**2 + 10872*w - 16013. Give o(225).
187
Let o(h) = h**2 + 443*h + 49546. Determine o(-225).
496
Let x(p) = 9*p + 708. What is x(-90)?
-102
Let n(w) = -15053*w - 1279505. Determine n(-85).
0
Let i(x) = -4*x**3 - 129*x**2 - 46*x - 466. Calculate i(-32).
-18
Let x(g) = -558*g**2 - 536*g + 19. Determine x(-1).
-3
Let l(v) = 187*v**3 - 14590*v**2 + 316*v - 242. What is l(78)?
70
Let i(w) = w**3 - 45*w**2 - 1079*w + 1556. Give i(62).
6
Let h(d) = 5*d**3 - 5*d**2 - 172*d + 519. What is h(3)?
93
Let z(h) = h**2 - 119*h + 597. Give z(5).
27
Let v(z) = -1313*z + 20059. Calculate v(15).
364
Let q(b) = -114695*b - 1376375. Determine q(-12).
-35
Let i(a) = 19583*a + 97710. Determine i(-5).
-205
Let p(a) = -a**3 + 79*a**2 - 423*a + 9253. Calculate p(75).
28
Let t(l) = -193857*l + 4264864. Determine t(22).
10
Let i(p) = -p**2 - 3693*p + 48179. Determine i(13).
1
Let b(h) = -771*h + 1093. Give b(1).
322
Let r(w) = 13*w**2 + 7*w - 351. Give r(7).
335
Let t(f) = f**3 + 80*f**2 - 1164*f + 3878. Determine t(7).
-7
Let a(j) = -j**3 + 56*j**2 - 952*j + 15328. What is a(42)?
40
Let x(k) = 83107*k + 83156. Calculate x(-1).
49
Let r(a) = -9014*a + 45040. Determine r(5).
-30
Let y(i) = 187294*i + 1311097. What is y(-7)?
39
Let w(p) = 21804*p - 2616474. Determine w(120).
6
Let i(z) = 9*z**2 + 15*z + 94. Give i(23).
5200
Let h(t) = -874*t - 1868. Give h(-3).
754
Let i(p) = -81*p**3 + 8*p**2 - 32*p + 24. Determine i(3).
-2187
Let r(t) = 4*t**3 + 115*t**2 + 83*t - 99. Calculate r(-28).
-71
Let i(z) = 127*z - 1402. Calculate i(21).
1265
Let p(y) = 23*y**3 + 132*y**2 + 7*y + 22. Give p(-6).
-236
Let i(b) = b**2 + 10*b - 1676. What is i(16)?
-1260
Let c(k) = -6961*k + 35051. Give c(5).
246
Let z(o) = 2111*o - 99223. Give z(47).
-6
Let p(a) = -a**3 + 79*a**2 - 1323*a + 255. Give p(55).
90
Let t(n) = -4334*n - 43330. What is t(-10)?
10
Let r(v) = -7*v**3 - 8*v**2 + 400*v + 7. Determine r(7).
14
Let t(c) = -2*c**3 - 321*c**2 - 336*c + 609. What is t(-2)?
13
Let t(i) = 2*i**3 - 48*i**2 + 111*i - 1670. Determine t(23).
-175
Let k(z) = 598*z + 40570. Calculate k(-68).
-94
Let w(i) = 5*i**3 - 41*i**2 + 353*i - 2822. Determine w(8).
-62
Let t(h) = -7618*h + 5286889. Determine t(694).
-3
Let r(n) = -3*n**2 + 657*n + 185162. Calculate r(381).
-4
Let q(k) = k**2 + 253*k + 4703. Determine q(-233).
43
Let q(f) = -f**3 - 7*f**2 - 30727*f - 400460. Calculate q(-13).
5
Let x(l) = l**3 + 72*l**2 + 13237*l + 735723. Calculate x(-59).
-7
Let b(d) = 25859*d - 80513. What is b(3)?
-2936
Let t(x) = -3148*x + 62951. Give t(20).
-9
Let w(p) = -6*p**3 + 16*p**2 + 93*p + 103. Calculate w(-2).
29
Let i(t) = 5434*t**2 - 6*t. Calculate i(0).
0
Let p(d) = -d**2 - 343*d + 5466. Determine p(15).
96
Let h(r) = -25779*r - 51563. Give h(-2).
-5
Let f(l) = 87158*l + 871329. What is f(-10)?
-251
Let v(p) = 355*p**2 - 5783*p + 6867. Determine v(15).
-3
Let y(k) = 24*k**2 - 1091*k - 5516. Calculate y(-5).
539
Let m(p) = -20*p**3 + 326*p**2 + 4*p - 26. Determine m(16).
1574
Let c(a) = -a**3 - a**2 - 47*a - 12. What is c(-5)?
323
Let f(r) = r**3 + 572*r**2 - 1482*r - 847679. What is f(-572)?
25
Let k(a) = -4*a**2 - 1068*a + 1. What is k(0)?
1
Let p(c) = c**3 - c**2 - 14*c - 52. Give p(6).
44
Let u(x) = 7*x**2 + 13117*x - 65684. What is u(5)?
76
Let u(f) = -f**2 - 8168*f + 221284. Give u(27).
19
Let c(y) = -y**3 + 4*y**2 - 4*y + 13. What is c(-4)?
157
Let j(f) = 12*f**2 - 6646*f - 39896. Calculate j(-6).
412
Let s(l) = l**3 - 262*l**2 + 15134*l - 410. Determine s(176).
-762
Let i(n) = 187*n**3 + n**2 - 34*n - 36. Give i(-1).
-188
Le